m/42). Is 1/v - 60528/(-56) a composite number?
True
Suppose 7*z = 6*z. Suppose -3*d = -p - 37, d - 3*p + z + 1 = 0. Suppose d*j - 16*j = -1418. Is j prime?
True
Let i = 48 + -38. Suppose -i*o = -12*o - 4316. Let n = 3079 + o. Is n a composite number?
True
Is (-9 - (5 - (-29)/(-2)))*20122 prime?
True
Let w be (-40)/1*(57/6 + -6). Is (-3448095)/w*4/3 a composite number?
False
Suppose -4*g = 24, 332006 = 4*o + 428*g - 431*g. Is o prime?
True
Suppose -4*s + 2*n = 22, 31 = -4*s + 4*n + n. Let v = -54 - s. Is (-646)/(-10) - 20/v a prime number?
False
Suppose -2*y + 536617 = 3*g, 2*y + 3*g = 6*y - 1073261. Is y prime?
False
Let p(h) be the second derivative of 5*h**4/12 + h**3/6 - 5*h**2/2 + 4*h. Let m be p(-5). Let i = m + -30. Is i a composite number?
True
Let i be (-1)/(-2)*(-4 + 4). Suppose -930 = -g - 4*p, -p - 4*p - 20 = i. Suppose -7*x = -9*x + g. Is x composite?
True
Let v be 26/2 - 0/(-1). Let z(d) = v*d + 7 + 10*d + 2*d - 9*d + 2*d**2. Is z(12) a composite number?
False
Suppose -2*h = -0*h - u - 9, -4*h + 3 = u. Suppose 0 = -2*o - h*o + 17948. Is o a composite number?
True
Let v(d) = -10 - 16 + 39 + 8*d. Is v(35) composite?
False
Suppose 5*x + 201*a = 204*a + 150907, -4*a - 120724 = -4*x. Is x composite?
True
Let l = -4298 + 10605. Suppose -6*i + 43261 - l = 0. Is i a composite number?
True
Suppose -j = 4*b - 17, -5*b = 2*j - 9 - 16. Suppose -j*w = 3*n + 119075, 0*w = 5*w + 4*n + 119080. Is (-4)/22 - (w/(-11))/(-4) composite?
False
Let u(t) = -69*t**3 - 10*t**2 - 18*t - 4. Let q be u(-2). Let o(g) = -362*g - 1. Let y be o(-3). Let i = y - q. Is i prime?
True
Let l = 2409004 - 930591. Is l a composite number?
False
Suppose 2*m = m + 3. Let j(v) = -176*v**3 + 11*v**2 + 3*v + 3. Let g(c) = 88*c**3 - 6*c**2 - c - 2. Let d(y) = -11*g(y) - 6*j(y). Is d(m) prime?
False
Let c be 17/((36/8)/9). Suppose -v - 4*v + c = b, -v + 4 = 3*b. Suppose -v*o - 12515 = -12*o. Is o a prime number?
True
Let t(m) = -m**2 + 4*m + 7. Let r be t(-1). Suppose 12842 = 3*a - 7*f + r*f, -3*f = -15. Is a a composite number?
False
Is 8327100/328 + 7/2 composite?
False
Let g(d) be the second derivative of d**4/12 - 7*d**3/6 - 9*d**2 - 33*d. Let t be g(9). Suppose 537 - 2196 = -5*q - 4*l, t = 5*q - 2*l - 1653. Is q prime?
True
Let u(t) be the third derivative of -t**5/60 + t**4/3 - 3*t**3/2 + 29*t**2. Let g be u(4). Suppose g*c - 12135 = 2*c. Is c prime?
False
Is (-28)/(644/(-69))*(-42557)/(-3) a composite number?
False
Suppose 119*r - 10711128 = 10103281. Is r prime?
False
Let g(p) be the second derivative of -17*p**5/20 + p**4/3 + 29*p**3/6 + 65*p**2 - 14*p + 1. Is g(-12) a prime number?
False
Suppose -4*j = 2*o - 336, 25 = -2*j - 2*o + 189. Let g = 89 - j. Suppose -5*n - g*n = -888. Is n a prime number?
False
Suppose -h = 2*f - 288041, -f = -5*h + 20407 - 164389. Is f composite?
True
Let f(v) = 2*v**2 - v - 8. Let h be f(-2). Suppose 5714 = d - c, h*d = 7*c - 4*c + 11431. Is d a composite number?
False
Let b(i) = -i**3 + 42*i**2 + 40*i + 129. Let h be b(43). Suppose h = 2*j - 10468 - 24114. Is j a composite number?
False
Let r be ((-4)/(-18))/(4/(-6))*-6. Suppose -4*i = -p - 0*p + 6, -r*i - 4 = -p. Suppose p*h + 958 = 4*h. Is h prime?
True
Let r(j) = -976*j - 125. Let z = 148 - 154. Is r(z) prime?
False
Is 2212/112*(-1 - -6473)*(-8)/(-16) prime?
False
Let x = 34263 - -35750. Is x a prime number?
False
Suppose -5*n + 4*j = -4*n - 618, -4*j = 3*n - 1886. Is n composite?
True
Is 454229/15*3 + (-88)/110 composite?
True
Let p(z) = 34983*z - 1493. Is p(6) a composite number?
True
Let k = 29571 + -51939. Let r = 42199 + k. Is r a composite number?
True
Let l = -214 - -214. Suppose -14*v - v + 61170 = l. Is v prime?
False
Suppose -17*k - 94796 = -18*k + 5*q, -3*q = 6*k - 568611. Is k a prime number?
True
Suppose 3*w + 13*w = 16. Is -4 + 38815/(8 - w) prime?
False
Suppose -3*r = -5*n - 208809, -n + 348071 = -871*r + 876*r. Is r composite?
True
Suppose 0 = -6*h - 11*h + 2431. Suppose -137*w - 71754 = -h*w. Is w a prime number?
True
Is (-11 + 41)*2402 + 11 a prime number?
False
Let j(t) = 2*t**3 + 19*t**2 - 18*t - 29. Let b be j(15). Let x = b + 15539. Suppose 0 = 5*p - 5*v - x, 2*v + 2*v = p - 5241. Is p a prime number?
False
Let f be (5 - 3)*585/(-26). Is (1693/(-5))/(f/225) a prime number?
True
Let p be (-11 + 1)/(-10) + 0 + 5. Suppose d = 2*q + 2169, p*q = 5*d + q - 10825. Is d a composite number?
False
Suppose 0 = 81*t - 5043876 - 234489. Is t composite?
True
Suppose -4*d = 2*a + 2*a, -2*a - 8 = -2*d. Suppose -8*v = d*v - 49630. Suppose -16342 = -3*l - v. Is l a prime number?
True
Suppose -i = 2*f - f - 257, -248 = -f + 2*i. Suppose -4*o - 3*y + 968 + 53 = 0, 0 = -o - y + f. Is o prime?
False
Let m(w) = 8046*w + 67. Let b be m(11). Suppose 7*s - 31680 = b. Is s a prime number?
False
Let d(l) be the third derivative of -5*l**4/24 + 19*l**3/3 + 5*l**2. Let s be d(6). Is 1906/(-8)*(s - 12) a composite number?
False
Let q be 9/2*718/3. Suppose -13*v + 20477 = -1493. Let r = v - q. Is r composite?
False
Let g(x) = -x**3 - 18*x**2 + 8. Let o be g(-18). Is (2/o*-4)/(2/(-3418)) a composite number?
False
Let d(g) = 237*g - 317. Is d(18) a composite number?
True
Let g = 2644 + 1161. Let m = -2628 + g. Is m a composite number?
True
Suppose -208846 = 348*u - 351*u + o, 0 = -4*u + 3*o + 278473. Is u a composite number?
True
Suppose 46*h - 55*h = -357039. Let y = -20704 + h. Is y composite?
True
Let l(u) = -u**2 + 9*u - 10. Let v be l(7). Let c be v/1*(-40)/(-32). Suppose -b - c*z + 3020 = 0, -3*b + z = -b - 6073. Is b prime?
False
Let r(y) = -6 - 6*y**3 - 5*y**2 + 5*y**3 + y**2 - 6*y**2 + 8*y. Let j be r(-16). Let u = j - 881. Is u a composite number?
False
Let u(k) = -36 - 364*k**2 + 374*k**2 - 6 + 17*k. Is u(-17) composite?
True
Let w = 122228 - 30795. Is w a prime number?
True
Let h(k) = k - 27. Let t be h(-17). Let z be 3042/33 - (-8)/t. Suppose 2*s + z - 674 = 5*l, -l - 598 = -2*s. Is s prime?
False
Let m(t) = 21*t**2 + t - 11. Let h(p) = -p**2 - 2*p + 6. Let z be h(-3). Is m(z) a composite number?
False
Let c be (1 + (-12)/18)/(1/1590). Let y(h) = -h**3 + 15*h**2 - 5*h - 18. Let f be y(15). Let d = f + c. Is d a prime number?
False
Suppose 27862808 = -649*q + 84963775. Is q a prime number?
False
Let i(u) = -u**3 + 2*u**2 - 4*u + 4. Let m be i(2). Is (139906/78)/((m/(-3))/4) prime?
True
Let o(i) = -2*i**2 - 14*i - 13. Let f(u) = u**2 + 7*u + 7. Let k(q) = 5*f(q) + 2*o(q). Let s be k(-6). Suppose -3*c = s*c - 870. Is c a prime number?
False
Is 27/9 - (-44320)/4 composite?
False
Suppose 46*b = 237361 + 2223225. Is b a prime number?
False
Suppose -5*m + 276538 = -925822. Suppose -m + 35417 = -5*o. Is o a composite number?
False
Suppose 3*n + 4*q = 54, -5*n + 3*q + 104 = 14. Let r(t) = -7*t**2 + 5*t**3 + 1 - n*t**2 + 8*t - 5*t**2. Is r(12) prime?
False
Let j(k) = 14570*k**2 - 3*k + 46. Is j(3) composite?
True
Let p(a) = -948*a + 94. Let y be p(6). Let q = y + 8115. Is q composite?
False
Let q(f) = -430*f + 7. Let m be q(4). Let a = 3472 + m. Is a composite?
False
Is 310358 - 2*-1*(-11 + (-114)/(-12)) a prime number?
False
Let c = -500 - -502. Suppose -c*i = u - 14921, -19543 = -2*u - 2*i + 10301. Is u a prime number?
True
Let l(m) = -m**2 + 15*m - 14. Let a be l(14). Suppose 5*v - 4074 - 1871 = a. Is v a prime number?
False
Suppose h - 4*t + 7 = 0, 2*h - t - 1 = 6. Is 1087 - (h + 1)/1 composite?
True
Let f(v) = -v**2 - 7*v - 3. Let q(j) = -j**3 - 7*j**2 - 5*j + 2. Let a be q(-6). Let p be f(a). Is 293*2*(-4 + p/2) prime?
True
Let l(y) = -9*y**2 - 5*y - 19. Let q(s) = 46 - 6 + 13*s + 18*s**2 - 2*s - 1. Let i(t) = -7*l(t) - 3*q(t). Is i(5) a prime number?
True
Suppose 5*h = 5*t + 25, -3*h + t = -10 - 5. Suppose -3*n - 15066 = -h*n - 4*l, -3*n + l + 22585 = 0. Is n prime?
True
Suppose -3*v + 47569 = -l, 99*v + l - 79287 = 94*v. Is v a composite number?
True
Let n(r) = 0*r - 430*r**2 - 556*r**2 - r + 2 + 244*r**2. Let o be n(-2). Is (-2 - o)/(4 - (3 + -1)) composite?
False
Suppose -40*j = -35*j - 230. Suppose 30858 = -40*q + j*q. Is q a composite number?
True
Suppose -298408 - 355133 = -21*r. Is r a prime number?
True
Let m(h) = -1549*h + 1908. Is m(-11) a composite number?
False
Is (-4 + 8 + -3)/(1 - 737250/737251) a composite number?
False
Suppose 66*l = 70*l - 16. Suppose 18665 = 5*g -